{"id":18525,"date":"2020-10-27T15:07:50","date_gmt":"2023-12-11T14:36:54","guid":{"rendered":"https:\/\/luxul.lu\/skandinavisches-3-sitzer-sofa\/"},"modified":"2023-12-11T15:36:54","modified_gmt":"2023-12-11T14:36:54","slug":"skandinavisches-3-sitzer-sofa","status":"publish","type":"product","link":"https:\/\/luxbed.lu\/de\/skandinavisches-3-sitzer-sofa\/","title":{"rendered":"Skandinavisches 3-Sitzer-Sofa"},"content":{"rendered":"","protected":false},"excerpt":{"rendered":"<p>Das skandinavische 3-Sitzer-Sofa ist ein Designerm\u00f6belst\u00fcck, das mit ausziehbaren Betten kompatibel ist. Verbinden Sie \u00c4sthetik und Zweckm\u00e4\u00dfigkeit mit diesem hochwertigen M\u00f6belst\u00fcck.<\/p>\n","protected":false},"featured_media":17083,"comment_status":"open","ping_status":"closed","template":"","meta":[],"product_brand":[],"product_cat":[405,395],"product_tag":[],"class_list":{"0":"post-18525","1":"product","2":"type-product","3":"status-publish","4":"has-post-thumbnail","6":"product_cat-sofas","7":"product_cat-zubehor","9":"first","10":"instock","11":"taxable","12":"shipping-taxable","13":"purchasable","14":"product-type-simple"},"_links":{"self":[{"href":"https:\/\/luxbed.lu\/de\/wp-json\/wp\/v2\/product\/18525","targetHints":{"allow":["GET"]}}],"collection":[{"href":"https:\/\/luxbed.lu\/de\/wp-json\/wp\/v2\/product"}],"about":[{"href":"https:\/\/luxbed.lu\/de\/wp-json\/wp\/v2\/types\/product"}],"replies":[{"embeddable":true,"href":"https:\/\/luxbed.lu\/de\/wp-json\/wp\/v2\/comments?post=18525"}],"wp:featuredmedia":[{"embeddable":true,"href":"https:\/\/luxbed.lu\/de\/wp-json\/wp\/v2\/media\/17083"}],"wp:attachment":[{"href":"https:\/\/luxbed.lu\/de\/wp-json\/wp\/v2\/media?parent=18525"}],"wp:term":[{"taxonomy":"product_brand","embeddable":true,"href":"https:\/\/luxbed.lu\/de\/wp-json\/wp\/v2\/product_brand?post=18525"},{"taxonomy":"product_cat","embeddable":true,"href":"https:\/\/luxbed.lu\/de\/wp-json\/wp\/v2\/product_cat?post=18525"},{"taxonomy":"product_tag","embeddable":true,"href":"https:\/\/luxbed.lu\/de\/wp-json\/wp\/v2\/product_tag?post=18525"}],"curies":[{"name":"wp","href":"https:\/\/api.w.org\/{rel}","templated":true}]}}

<p>Das skandinavische 3-Sitzer-Sofa ist ein Designermöbelstück, das mit ausziehbaren Betten kompatibel ist. Verbinden Sie Ästhetik und Zweckmäßigkeit mit diesem hochwertigen Möbelstück.</p>
