{"id":18614,"date":"2023-12-11T15:37:32","date_gmt":"2023-12-11T14:37:32","guid":{"rendered":"https:\/\/luxul.lu\/ultramodernes-umwandelbares-klappsofa\/"},"modified":"2023-12-11T15:37:50","modified_gmt":"2023-12-11T14:37:50","slug":"ultramodernes-umwandelbares-klappsofa","status":"publish","type":"product","link":"https:\/\/luxbed.lu\/de\/ultramodernes-umwandelbares-klappsofa\/","title":{"rendered":"Ultramodernes umwandelbares Klappsofa"},"content":{"rendered":"<div class=\"wpb-content-wrapper\"><p>[vc_row][vc_column width=&#8220;1\/2&#8243;][vc_column_text woodmart_inline=&#8220;no&#8220; text_larger=&#8220;no&#8220;]<\/p>\n<h2>Schickes, modernes und preiswertes Schlafsofa!<\/h2>\n<p>Als Rolle erhalten, schnell aufgestellt, nimmt das Schlafsofa sofort Gestalt an.<\/p>\n<p>Einmal aus der Schachtel geholt, rollt man sie einfach aus und genie\u00dft tags\u00fcber ein Sofa und abends ein Bett!<\/p>\n<p>Er ist modern, bequem und sehr praktisch. Durch sein schlichtes Design spart er Platz in seinem Zimmer. Ideal f\u00fcr alle, die einen gem\u00fctlichen und funktionalen Stil bevorzugen.<\/p>\n<p>Atmungsaktives Material. Kein Zusammenbau erforderlich. Pflegeleicht. Bequeme Kissen.[\/vc_column_text][vc_column_text woodmart_inline=&#8220;no&#8220; text_larger=&#8220;no&#8220;]<\/p>\n<ul>\n<li>Die Polsterung aus hochdichtem Schaumstoff sorgt f\u00fcr W\u00e4rme und optimalen Komfort zum Entspannen nach einem anstrengenden Tag, um Ihrem Wohnzimmer mit diesem Sofa einen Hauch von Raffinesse zu verleihen.<\/li>\n<li><strong>Dichte:<\/strong> 28 kg\/m3<\/li>\n<li>Mit diesem Schlafsofa k\u00f6nnen Sie jedes Wohnzimmer in ein wundersch\u00f6nes Wohnzimmer verwandeln.<\/li>\n<li><strong>Abmessungen Bett:<\/strong> 90&#215;190 cm und 140&#215;190 cm<\/li>\n<li><strong>Abnehmbar<\/strong><\/li>\n<li><strong>H\u00f6he des Sofas:<\/strong> 74 cm<\/li>\n<li><strong>Gr\u00f6\u00dfe der Rolle:<\/strong> 35&#215;140 cm<\/li>\n<li><strong>Stoff: <\/strong> Baumwolle, waschbar bei 30\u00b0.<\/li>\n<li><strong>Schaumstoff<\/strong><\/li>\n<\/ul>\n<p>[\/vc_column_text][\/vc_column][vc_column width=&#8220;1\/2&#8243;][vc_single_image image=&#8220;17549&#8243; img_size=&#8220;full&#8220; parallax_scroll=&#8220;no&#8220; woodmart_inline=&#8220;no&#8220;][vc_single_image image=&#8220;17555&#8243; img_size=&#8220;full&#8220; parallax_scroll=&#8220;no&#8220; woodmart_inline=&#8220;no&#8220;][\/vc_column][\/vc_row]<\/p>\n<\/div>","protected":false},"excerpt":{"rendered":"<p><strong>Klappbares Schlafsofa<\/strong> mit den Ma\u00dfen 90&#215;190 und 140&#215;190 f\u00fcr 2 Personen f\u00fcr Wohnzimmer, Schlafzimmer oder B\u00fcro. Ultramodernes, ergonomisches Design, <strong>einfach zu installieren und zu pflegen<\/strong>.<\/p>\n","protected":false},"featured_media":17546,"comment_status":"open","ping_status":"closed","template":"","meta":[],"product_brand":[],"product_cat":[405,395],"product_tag":[],"class_list":{"0":"post-18614","1":"product","2":"type-product","3":"status-publish","4":"has-post-thumbnail","6":"product_cat-sofas","7":"product_cat-zubehor","9":"first","10":"instock","11":"sale","12":"taxable","13":"shipping-taxable","14":"purchasable","15":"product-type-variable"},"_links":{"self":[{"href":"https:\/\/luxbed.lu\/de\/wp-json\/wp\/v2\/product\/18614","targetHints":{"allow":["GET"]}}],"collection":[{"href":"https:\/\/luxbed.lu\/de\/wp-json\/wp\/v2\/product"}],"about":[{"href":"https:\/\/luxbed.lu\/de\/wp-json\/wp\/v2\/types\/product"}],"replies":[{"embeddable":true,"href":"https:\/\/luxbed.lu\/de\/wp-json\/wp\/v2\/comments?post=18614"}],"wp:featuredmedia":[{"embeddable":true,"href":"https:\/\/luxbed.lu\/de\/wp-json\/wp\/v2\/media\/17546"}],"wp:attachment":[{"href":"https:\/\/luxbed.lu\/de\/wp-json\/wp\/v2\/media?parent=18614"}],"wp:term":[{"taxonomy":"product_brand","embeddable":true,"href":"https:\/\/luxbed.lu\/de\/wp-json\/wp\/v2\/product_brand?post=18614"},{"taxonomy":"product_cat","embeddable":true,"href":"https:\/\/luxbed.lu\/de\/wp-json\/wp\/v2\/product_cat?post=18614"},{"taxonomy":"product_tag","embeddable":true,"href":"https:\/\/luxbed.lu\/de\/wp-json\/wp\/v2\/product_tag?post=18614"}],"curies":[{"name":"wp","href":"https:\/\/api.w.org\/{rel}","templated":true}]}}

<div class="wpb-content-wrapper"><p>[vc_row][vc_column width=&#8220;1/2&#8243;][vc_column_text woodmart_inline=&#8220;no&#8220; text_larger=&#8220;no&#8220;]</p>
<h2>Schickes, modernes und preiswertes Schlafsofa!</h2>
<p>Als Rolle erhalten, schnell aufgestellt, nimmt das Schlafsofa sofort Gestalt an.</p>
<p>Einmal aus der Schachtel geholt, rollt man sie einfach aus und genießt tagsüber ein Sofa und abends ein Bett!</p>
<p>Er ist modern, bequem und sehr praktisch. Durch sein schlichtes Design spart er Platz in seinem Zimmer. Ideal für alle, die einen gemütlichen und funktionalen Stil bevorzugen.</p>
<p>Atmungsaktives Material. Kein Zusammenbau erforderlich. Pflegeleicht. Bequeme Kissen.[/vc_column_text][vc_column_text woodmart_inline=&#8220;no&#8220; text_larger=&#8220;no&#8220;]</p>
<ul>
<li>Die Polsterung aus hochdichtem Schaumstoff sorgt für Wärme und optimalen Komfort zum Entspannen nach einem anstrengenden Tag, um Ihrem Wohnzimmer mit diesem Sofa einen Hauch von Raffinesse zu verleihen.</li>
<li><strong>Dichte:</strong> 28 kg/m3</li>
<li>Mit diesem Schlafsofa können Sie jedes Wohnzimmer in ein wunderschönes Wohnzimmer verwandeln.</li>
<li><strong>Abmessungen Bett:</strong> 90&#215;190 cm und 140&#215;190 cm</li>
<li><strong>Abnehmbar</strong></li>
<li><strong>Höhe des Sofas:</strong> 74 cm</li>
<li><strong>Größe der Rolle:</strong> 35&#215;140 cm</li>
<li><strong>Stoff: </strong> Baumwolle, waschbar bei 30°.</li>
<li><strong>Schaumstoff</strong></li>
</ul>
<p>[/vc_column_text][/vc_column][vc_column width=&#8220;1/2&#8243;][vc_single_image image=&#8220;17549&#8243; img_size=&#8220;full&#8220; parallax_scroll=&#8220;no&#8220; woodmart_inline=&#8220;no&#8220;][vc_single_image image=&#8220;17555&#8243; img_size=&#8220;full&#8220; parallax_scroll=&#8220;no&#8220; woodmart_inline=&#8220;no&#8220;][/vc_column][/vc_row]</p>
</div>

<p><strong>Klappbares Schlafsofa</strong> mit den Maßen 90&#215;190 und 140&#215;190 für 2 Personen für Wohnzimmer, Schlafzimmer oder Büro. Ultramodernes, ergonomisches Design, <strong>einfach zu installieren und zu pflegen</strong>.</p>
