{"id":18579,"date":"2021-09-29T09:55:45","date_gmt":"2023-12-11T14:37:22","guid":{"rendered":"https:\/\/luxul.lu\/2-persoons-verticale-uitklapbare-bedkast\/"},"modified":"2024-04-19T17:40:49","modified_gmt":"2024-04-19T15:40:49","slug":"2-persoons-verticale-uitklapbare-bedkast","status":"publish","type":"product","link":"https:\/\/luxbed.lu\/nl\/2-persoons-verticale-uitklapbare-bedkast\/","title":{"rendered":"2-persoons verticale uitklapbare bedkast"},"content":{"rendered":"<div class=\"wpb-content-wrapper\"><p>[vc_row][vc_column][vc_column_text text_larger=&#8221;no&#8221;]<\/p>\n<h2>De 2-persoons verticale opklapbare bedkast: optimaliseer je ruimte<\/h2>\n<ul>\n<li>Slim 2-persoons verticaal opklapbed<\/li>\n<li>Voor een bed van 140 cm x 190 cm<\/li>\n<\/ul>\n<p>Met legplank aan de voorkant (optioneel), bureau aan de voorkant over de hele breedte (optioneel) en verticale opbergzuilen aan elke kant (optioneel), grote opbergkast met spiegel aan de voorkant (optioneel)<br \/>\nEen brede waaier aan combinaties met onze verschillende opslagmodules<br \/>\nMet zijn veermechanisme is hij praktisch en gemakkelijk te hanteren.<\/p>\n<h5 style=\"color: red;\"><u><br \/>\n  <b>LET OP <\/b><br \/>\n<\/u>Voor bedden van 150&#215;200 cm en 160&#215;200 cm is de werktafel niet beschikbaar.<\/h5>\n<p>In gesloten toestand neemt het opklapbed de ruimte in van een 41 cm diepe kleerkast, zodat je een matras tot 25 cm dik kunt gebruiken en dekbedden en kussens binnen kunt houden, met een riem om ze op hun plaats te houden als je ze dichtklapt.[\/vc_column_text][\/vc_column][\/vc_row][vc_row][vc_column width=&#8221;1\/2&#8243;][vc_column_text text_larger=&#8221;no&#8221;]Het Smart 2-persoons verticale opklapbed is vooral een modern, elegant ontwerp. Om een geoptimaliseerde, design woonruimte te cre\u00ebren, bieden we een scala aan kleuren, zodat je de look kunt cre\u00ebren die je wilt.<\/p>\n<p><strong>Je kunt ook verschillende opties toevoegen:<\/strong><\/p>\n<ul>\n<li><a href=\"https:\/\/luxul.lu\/nl\/scandinavische-2-zitsbank-met-afneembare-armleuningen\/\" target=\"_blank\" rel=\"noopener\">2-zitsbank<\/a> of <a href=\"https:\/\/luxul.lu\/nl\/scandinavische-3-zits-hoekbank-met-afneembare-armleuningen\/\" target=\"_blank\" rel=\"noopener\">3-zits hoekbank<\/a><\/li>\n<li><a href=\"https:\/\/luxul.lu\/nl\/aanraakgevoelige-usb-aansluiting\/\" target=\"_blank\" rel=\"noopener\">Aanraakgevoelige LED-lamp met USB-aansluiting<\/a><\/li>\n<li><a href=\"https:\/\/luxul.lu\/nl\/paar-dubbele-usb-aansluitingen\/\" target=\"_blank\" rel=\"noopener\">Een paar dubbele USB-aansluitingen<\/a><\/li>\n<\/ul>\n<p>Het uitschuifbare bed heeft<a href=\"https:\/\/luxul.lu\/choses-a-savoir-sur-le-lit-escamotable\/\" target=\"_blank\" rel=\"noopener\"> zijn geheimen<\/a> nog niet<a href=\"https:\/\/luxul.lu\/choses-a-savoir-sur-le-lit-escamotable\/\" target=\"_blank\" rel=\"noopener\"> prijsgegeven<\/a>!<\/p>\n<h3>Comfort eerst<\/h3>\n<p>Maar voor een goede nachtrust heb je een kwaliteitsbed nodig. Ons verticale opklapbed voor 1 persoon offert comfort niet op voor bruikbaarheid &#8211; verre van dat. Met een <strong><br \/>\n  <a href=\"https:\/\/luxul.lu\/?post_type=product&#038;p=7198\" target=\"_blank\" rel=\"noopener\">Visco\u00ae traagschuim matras<\/a><br \/>\n<\/strong> traagschuimmatras met 5-zone pocketveren past uw matras zich aan uw lichaamsvorm aan en bent u verzekerd van een goede nachtrust. Als je niet veel tijd hebt om je bed op te ruimen, geen zorgen! Dekbedden en kussens worden binnenin vastgehouden met een riem, zodat je meubels snel en effici\u00ebnt kunnen worden opgeborgen. Wasbare hoes met ritssluiting, 23 cm dik matras geschikt voor opklapbedden verkrijgbaar.<\/p>\n<h3>Ontwerp je ruimte<\/h3>\n<p>De 2-persoons opvouwbare bedkast is de 2-in-1 oplossing voor interieurdesign. Je hebt een grote kledingkast en een comfortabel bed, allemaal in \u00e9\u00e9n meubel! Ideaal voor het cre\u00ebren van<strong> een comfortabele, veelzijdige leefruimte<\/strong> die voldoet aan de behoefte om<strong>kleine ruimtes te optimaliseren<\/strong>. Overdag woonkamer en &#8217;s nachts slaapkamer, geniet van een tweepersoonsbed voor jezelf, met z&#8217;n twee\u00ebn of met vrienden. Waar je het ook voor gebruikt, dit meubelstuk past er perfect bij.<\/p>\n<h3>De uitschuifbare bedkast: een stijlvol en aanpasbaar meubelstuk<\/h3>\n<p>De elegantie van het 2-zits opklapbed maakt het tot een<strong> uitzonderlijk designobject<\/strong>. Dit moderne, chique en elegante meubel brengt een frisse wind door je huis. Met onze aanpassingsopties kun je de kamer van je dromen cre\u00ebren. Er is een scala aan kleuren beschikbaar, zodat je je meubels kunt aanpassen aan je eigen smaak:<\/p>\n<p><strong>Lichte kleuren:<\/strong><\/p>\n<ul>\n<li>Licht taupe<\/li>\n<li>Licht hout<\/li>\n<li>Wit<\/li>\n<\/ul>\n<p><strong>Donkere tinten :<\/strong><\/p>\n<ul>\n<li>Antraciet grijs<\/li>\n<li>Donker taupe<\/li>\n<li>Donker hout<\/li>\n<li>Cappuccino<\/li>\n<li>Zwart<\/li>\n<\/ul>\n<p>Er zijn ook extra opties beschikbaar. Opbergers, LED-lampen en zelfs een bureau om een werkruimte te cre\u00ebren. Maatwerk is het sleutelwoord.[\/vc_column_text][\/vc_column][vc_column width=&#8221;1\/2&#8243;][vc_single_image image=&#8221;16326&#8243; img_size=&#8221;large&#8221; parallax_scroll=&#8221;no&#8221;][vc_column_text text_larger=&#8221;no&#8221;]<\/p>\n<h3>Het comfort van een traditioneel bed<\/h3>\n<p>Een comfortabel bed is de basis voor een <strong>goede nachtrust<\/strong>. Onze traagschuimmatrassen zorgen voor een <strong>superieure slaapkwaliteit<\/strong>. Er is zeker iets voor elk lichaamstype. Het 2-persoons verticale opklapbare kastbed is voorzien van een veermechanisme en is eenvoudig en praktisch in gebruik,<strong>ideaal voor dagelijks gebruik<\/strong>. Je hoeft niet veel moeite te doen om je bed op te bergen en er weer uit te halen, want hoogwaardige mechanismen zorgen voor een natuurlijke overgang tussen de twee modi van dit meubel.<\/p>\n<h5>Afmetingen :<\/h5>\n<p><strong>Breedte:<\/strong> 155 cm<\/p>\n<p><strong>Hoogte:<\/strong> 209 cm<\/p>\n<p><strong>Diepte open bed:<\/strong> 210 cm<\/p>\n<p><strong>Voor een bed: <\/strong> 140 cm x 190 cm<\/p>\n<p>Maximale matrashoogte: 25 cm[\/vc_column_text][\/vc_column][\/vc_row]<\/p>\n<\/div>","protected":false},"excerpt":{"rendered":"<p><strong>De 2-persoons opvouwbare bedkast<\/strong> bespaart ruimte, is comfortabel, betrouwbaar en slijtvast. Met praktische opbergruimte overdag en een bed van 140 cm x 190 cm &#8217;s nachts is het een praktisch meubelstuk met een elegant ontwerp en een <a href=\"https:\/\/luxul.lu\/avantages-du-lit-escamotable\/\">heleboel voordelen<\/a>. Het ultieme in het inrichten en decoreren van kleine ruimtes.<\/p>\n","protected":false},"featured_media":16774,"comment_status":"open","ping_status":"closed","template":"","meta":[],"product_brand":[],"product_cat":[438,439],"product_tag":[],"class_list":{"0":"post-18579","1":"product","2":"type-product","3":"status-publish","4":"has-post-thumbnail","6":"product_cat-opklapbed","7":"product_cat-verticaal-opklapbed","9":"first","10":"instock","11":"sale","12":"taxable","13":"shipping-taxable","14":"purchasable","15":"product-type-simple"},"_links":{"self":[{"href":"https:\/\/luxbed.lu\/nl\/wp-json\/wp\/v2\/product\/18579","targetHints":{"allow":["GET"]}}],"collection":[{"href":"https:\/\/luxbed.lu\/nl\/wp-json\/wp\/v2\/product"}],"about":[{"href":"https:\/\/luxbed.lu\/nl\/wp-json\/wp\/v2\/types\/product"}],"replies":[{"embeddable":true,"href":"https:\/\/luxbed.lu\/nl\/wp-json\/wp\/v2\/comments?post=18579"}],"wp:featuredmedia":[{"embeddable":true,"href":"https:\/\/luxbed.lu\/nl\/wp-json\/wp\/v2\/media\/16774"}],"wp:attachment":[{"href":"https:\/\/luxbed.lu\/nl\/wp-json\/wp\/v2\/media?parent=18579"}],"wp:term":[{"taxonomy":"product_brand","embeddable":true,"href":"https:\/\/luxbed.lu\/nl\/wp-json\/wp\/v2\/product_brand?post=18579"},{"taxonomy":"product_cat","embeddable":true,"href":"https:\/\/luxbed.lu\/nl\/wp-json\/wp\/v2\/product_cat?post=18579"},{"taxonomy":"product_tag","embeddable":true,"href":"https:\/\/luxbed.lu\/nl\/wp-json\/wp\/v2\/product_tag?post=18579"}],"curies":[{"name":"wp","href":"https:\/\/api.w.org\/{rel}","templated":true}]}}

<div class="wpb-content-wrapper"><p>[vc_row][vc_column][vc_column_text text_larger=&#8221;no&#8221;]</p>
<h2>De 2-persoons verticale opklapbare bedkast: optimaliseer je ruimte</h2>
<ul>
<li>Slim 2-persoons verticaal opklapbed</li>
<li>Voor een bed van 140 cm x 190 cm</li>
</ul>
<p>Met legplank aan de voorkant (optioneel), bureau aan de voorkant over de hele breedte (optioneel) en verticale opbergzuilen aan elke kant (optioneel), grote opbergkast met spiegel aan de voorkant (optioneel)<br />
Een brede waaier aan combinaties met onze verschillende opslagmodules<br />
Met zijn veermechanisme is hij praktisch en gemakkelijk te hanteren.</p>
<h5 style="color: red;"><u><br />
  <b>LET OP </b><br />
</u>Voor bedden van 150&#215;200 cm en 160&#215;200 cm is de werktafel niet beschikbaar.</h5>
<p>In gesloten toestand neemt het opklapbed de ruimte in van een 41 cm diepe kleerkast, zodat je een matras tot 25 cm dik kunt gebruiken en dekbedden en kussens binnen kunt houden, met een riem om ze op hun plaats te houden als je ze dichtklapt.[/vc_column_text][/vc_column][/vc_row][vc_row][vc_column width=&#8221;1/2&#8243;][vc_column_text text_larger=&#8221;no&#8221;]Het Smart 2-persoons verticale opklapbed is vooral een modern, elegant ontwerp. Om een geoptimaliseerde, design woonruimte te creëren, bieden we een scala aan kleuren, zodat je de look kunt creëren die je wilt.</p>
<p><strong>Je kunt ook verschillende opties toevoegen:</strong></p>
<ul>
<li><a href="https://luxul.lu/nl/scandinavische-2-zitsbank-met-afneembare-armleuningen/" target="_blank" rel="noopener">2-zitsbank</a> of <a href="https://luxul.lu/nl/scandinavische-3-zits-hoekbank-met-afneembare-armleuningen/" target="_blank" rel="noopener">3-zits hoekbank</a></li>
<li><a href="https://luxul.lu/nl/aanraakgevoelige-usb-aansluiting/" target="_blank" rel="noopener">Aanraakgevoelige LED-lamp met USB-aansluiting</a></li>
<li><a href="https://luxul.lu/nl/paar-dubbele-usb-aansluitingen/" target="_blank" rel="noopener">Een paar dubbele USB-aansluitingen</a></li>
</ul>
<p>Het uitschuifbare bed heeft<a href="https://luxul.lu/choses-a-savoir-sur-le-lit-escamotable/" target="_blank" rel="noopener"> zijn geheimen</a> nog niet<a href="https://luxul.lu/choses-a-savoir-sur-le-lit-escamotable/" target="_blank" rel="noopener"> prijsgegeven</a>!</p>
<h3>Comfort eerst</h3>
<p>Maar voor een goede nachtrust heb je een kwaliteitsbed nodig. Ons verticale opklapbed voor 1 persoon offert comfort niet op voor bruikbaarheid &#8211; verre van dat. Met een <strong><br />
  <a href="https://luxul.lu/?post_type=product&#038;p=7198" target="_blank" rel="noopener">Visco® traagschuim matras</a><br />
</strong> traagschuimmatras met 5-zone pocketveren past uw matras zich aan uw lichaamsvorm aan en bent u verzekerd van een goede nachtrust. Als je niet veel tijd hebt om je bed op te ruimen, geen zorgen! Dekbedden en kussens worden binnenin vastgehouden met een riem, zodat je meubels snel en efficiënt kunnen worden opgeborgen. Wasbare hoes met ritssluiting, 23 cm dik matras geschikt voor opklapbedden verkrijgbaar.</p>
<h3>Ontwerp je ruimte</h3>
<p>De 2-persoons opvouwbare bedkast is de 2-in-1 oplossing voor interieurdesign. Je hebt een grote kledingkast en een comfortabel bed, allemaal in één meubel! Ideaal voor het creëren van<strong> een comfortabele, veelzijdige leefruimte</strong> die voldoet aan de behoefte om<strong>kleine ruimtes te optimaliseren</strong>. Overdag woonkamer en &#8217;s nachts slaapkamer, geniet van een tweepersoonsbed voor jezelf, met z&#8217;n tweeën of met vrienden. Waar je het ook voor gebruikt, dit meubelstuk past er perfect bij.</p>
<h3>De uitschuifbare bedkast: een stijlvol en aanpasbaar meubelstuk</h3>
<p>De elegantie van het 2-zits opklapbed maakt het tot een<strong> uitzonderlijk designobject</strong>. Dit moderne, chique en elegante meubel brengt een frisse wind door je huis. Met onze aanpassingsopties kun je de kamer van je dromen creëren. Er is een scala aan kleuren beschikbaar, zodat je je meubels kunt aanpassen aan je eigen smaak:</p>
<p><strong>Lichte kleuren:</strong></p>
<ul>
<li>Licht taupe</li>
<li>Licht hout</li>
<li>Wit</li>
</ul>
<p><strong>Donkere tinten :</strong></p>
<ul>
<li>Antraciet grijs</li>
<li>Donker taupe</li>
<li>Donker hout</li>
<li>Cappuccino</li>
<li>Zwart</li>
</ul>
<p>Er zijn ook extra opties beschikbaar. Opbergers, LED-lampen en zelfs een bureau om een werkruimte te creëren. Maatwerk is het sleutelwoord.[/vc_column_text][/vc_column][vc_column width=&#8221;1/2&#8243;][vc_single_image image=&#8221;16326&#8243; img_size=&#8221;large&#8221; parallax_scroll=&#8221;no&#8221;][vc_column_text text_larger=&#8221;no&#8221;]</p>
<h3>Het comfort van een traditioneel bed</h3>
<p>Een comfortabel bed is de basis voor een <strong>goede nachtrust</strong>. Onze traagschuimmatrassen zorgen voor een <strong>superieure slaapkwaliteit</strong>. Er is zeker iets voor elk lichaamstype. Het 2-persoons verticale opklapbare kastbed is voorzien van een veermechanisme en is eenvoudig en praktisch in gebruik,<strong>ideaal voor dagelijks gebruik</strong>. Je hoeft niet veel moeite te doen om je bed op te bergen en er weer uit te halen, want hoogwaardige mechanismen zorgen voor een natuurlijke overgang tussen de twee modi van dit meubel.</p>
<h5>Afmetingen :</h5>
<p><strong>Breedte:</strong> 155 cm</p>
<p><strong>Hoogte:</strong> 209 cm</p>
<p><strong>Diepte open bed:</strong> 210 cm</p>
<p><strong>Voor een bed: </strong> 140 cm x 190 cm</p>
<p>Maximale matrashoogte: 25 cm[/vc_column_text][/vc_column][/vc_row]</p>
</div>
